alse
Let c(u) = 2*u**2 + 8*u + 2. Let p be c(-4). Suppose -15867 = v - p*v. Is v/4 - (-4)/16 prime?
True
Suppose -8741735 + 1719944 = -63*z. Is z composite?
True
Is 461256/6*7/28 composite?
False
Suppose 364*x = 366*x - 213238. Is x a prime number?
True
Let h = -8749 + 371222. Is h composite?
False
Let p be 0 + 4/6 - 10426240/132. Let s be p/14 - 17/119. Let x = -3985 - s. Is x a prime number?
True
Let j(w) = -749*w + 2841. Is j(-44) a composite number?
False
Let x(o) = -56*o + 26*o + 16*o + 6*o**2 + 9. Let q be x(-7). Let b = q + 10. Is b composite?
True
Let u = 52264 - 21567. Suppose -305 - u = -6*n. Is n prime?
True
Suppose -2*s = -6*s - 16, -2*l - 14 = -s. Is ((-14)/(-8) - l)*844 prime?
False
Let g = -992 + 1796. Is ((-68)/(-6))/(8/g - 0) a prime number?
False
Let i(n) = 2*n**2 - 14*n + 6. Let a be i(6). Let m be (-319)/a - 4/24. Suppose 0 = -2*l - 4*f + 90, f - 17 + m = l. Is l composite?
True
Let p = -3537 - -18175. Suppose -2*w = 4*u - p, w - 8130 - 10166 = -5*u. Is u a prime number?
True
Let s = 1501980 - 874019. Is s prime?
True
Suppose -37*g - 212 = -41*g. Suppose -g*p + 50*p = -23145. Is p a prime number?
False
Suppose 0 = -52*a - 35*a + 52*a + 6611185. Is a a prime number?
True
Let u(b) = 86344*b**2 - b - 7. Let k be u(3). Is (-10)/(-6) - k/(-159) prime?
True
Suppose -20*n = 65*n - 34324701 + 4875686. Is n composite?
True
Suppose 9*u + 12 = 11*u. Suppose u = 3*k + 3*v, -7*v + 6*v - 2 = 0. Suppose 2635 = k*c - 1281. Is c a prime number?
False
Let a(l) = 11*l**2 + 3*l + 2. Let x be a(-2). Let b = 39 - x. Let v(i) = -162*i + 1. Is v(b) composite?
False
Let y(t) = -t + 58. Let a be y(25). Let i = a - 58. Let w = i + 440. Is w composite?
True
Let c = 15579 + 5734. Is c prime?
True
Let x(v) = v + 1. Let p(w) = -42*w - 84. Let h(q) = p(q) - 2*x(q). Is h(-21) a prime number?
False
Let o = 217366 - 151869. Is o composite?
False
Is 1*854821/(-1 - -12) prime?
True
Let y(g) = -86*g**3 - 9*g**2 + 12*g + 139. Is y(-12) a composite number?
True
Suppose 12*m = 55 - 19. Suppose -m*w + 1040 + 1717 = 0. Is w a composite number?
False
Let c = 158 - -9. Let f = -1841 + 870. Let v = c - f. Is v a prime number?
False
Let j be (-5 + -4 + 9)*(-1 + 2). Let c(x) = -x**3 + 3*x**2 - 2*x**2 + x + x + 169. Is c(j) a composite number?
True
Let v be (-980)/(-55) - (-4)/22. Let i be v/42 + (-9)/21. Suppose 2215 = 5*m - i*m. Is m prime?
True
Suppose -b + 1505 = -4*q, -56*b + 59*b + 2*q = 4557. Is b composite?
True
Let r = -544 + 490. Let j(u) = -5*u**2 - u - 5. Let a be j(-5). Let z = r - a. Is z prime?
True
Suppose 12*s - 8348457 = -27*s. Is s a prime number?
True
Let f be ((-12)/(-4) - 6) + 4. Let y(c) = 3741*c**2 + c - 3. Is y(f) a prime number?
True
Is (-82)/(-4)*(-249372)/(-54) composite?
True
Suppose -23*o - 3*o - 10*o + 13356 = 0. Is o prime?
False
Let d = -445 - -448. Let u(z) = z + 7. Let s be u(-5). Suppose d*k = -s*k + 395. Is k composite?
False
Suppose 2*b - 5*a - 31 = 63, 0 = 2*b + 4*a - 94. Let c = -47 + b. Suppose c = 5*j + 60 - 1795. Is j prime?
True
Suppose 855*b + 4 = 856*b. Suppose -4*w = -b*d + 10652 - 58828, -3*w + 4*d = -36127. Is w prime?
True
Suppose -2 = 4*d - 22. Let f(y) = 46*y - 47 + 4 + 50*y + d*y. Is f(6) a composite number?
False
Suppose -6*d - 583182 = -23*d + 365231. Is d composite?
True
Let r(y) = 120*y - 25. Let i(j) = 119*j + 3 - 10 - 13 - 5. Let h(m) = -6*i(m) + 5*r(m). Is h(-6) a composite number?
False
Suppose -4*w - 260658 = -2*u, -5*u - 18*w + 651610 = -21*w. Is u prime?
False
Is -5*(1 + -3)/2 + -15 + 63531 a composite number?
False
Let k be 0 + 686/(-1) - 2. Let y = -3419 + 4486. Let c = k + y. Is c composite?
False
Suppose 3*c - 5*q = 184908, 5*c + 8*q = 6*q + 308149. Is c composite?
False
Let c be 1726/(-2) - 12*2/8. Let q = 1447 + c. Is q prime?
False
Suppose 14*c = -23*c + 9*c + 1062628. Is c prime?
True
Let n = -50798 - -88189. Is n a prime number?
False
Let y(d) = d**3 + 8*d**2 - 8*d + 12. Let s be y(-9). Suppose 13 = -5*t - s*h, -3*h = -2*t - 3*t - 37. Let g = 560 - t. Is g prime?
False
Let n = -3487 + 8841. Is n prime?
False
Let l be (-2)/(-3) + (-35)/21. Let w(c) = -c**3 - 2*c - 2. Let p be w(l). Is (-3 + p)*(-10)/40*5806 prime?
True
Let p(u) = -2*u**3 - 46*u**2 + 86*u + 2325. Is p(-56) a composite number?
True
Suppose 3*c - 2*c + 587 = 4*b, 2*c + b + 1165 = 0. Let k = c - -1039. Suppose -891 - k = -3*z. Is z composite?
False
Suppose 25*m = 31*m - 82998. Is m/21 - 4/(-14) a composite number?
False
Let l(k) = 5502*k**2 + 8*k - 11. Is l(2) a composite number?
False
Suppose -9*n - 433 - 1214 = 0. Let h = -25 - n. Is h prime?
False
Let v = 3041 + -1557. Suppose -m - v = -3*m + 2*z, 3710 = 5*m + z. Let r = m - -163. Is r composite?
True
Let u(t) = 765*t**2 + 529*t**2 - 573*t - 212*t**2 - 9 + 569*t. Is u(-2) prime?
True
Let p be (0 - 4666)*((-104)/(-16))/(-13). Is p - -7*7/(245/(-20)) a composite number?
True
Let k(t) = 4668*t**2 - 1. Let f be k(-1). Let a = 10500 - f. Is a a prime number?
False
Let t = 36 + -36. Let k be t - 3 - (101 - -8). Is k/(-18) + -6 + 23479/9 composite?
False
Let v(x) = -x**3 - 7*x**2 + 9*x + 7. Let i be v(-8). Let w(o) = 627*o**2 + 25*o + 4. Let p(s) = -626*s**2 - 30*s - 5. Let d(c) = 5*p(c) + 6*w(c). Is d(i) prime?
True
Let t(r) = -3327*r + 2009. Is t(-10) composite?
False
Let h(o) = 174*o**2 + 590*o - 69. Is h(20) a composite number?
False
Let s be (-1 + (-2885)/(-1))*(-15)/(-20). Suppose -5*h + s = 4*c, 557 = 2*c - c - 2*h. Let j = c + -296. Is j composite?
False
Suppose 22373 = 10*d + 3193. Let n = d + -368. Let r = n - 1071. Is r prime?
True
Suppose 4*b - 199 = -j, -2*j = 3*b + j - 138. Let h be (-6)/b + 32474/34. Suppose n - h = -4*n. Is n a composite number?
False
Let z(l) = -6459*l + 32. Let j be z(-2). Suppose -3*r = 4*q - 25864, 12*q = 10*q + 3*r + j. Is q prime?
True
Suppose r + 2*a + 102 = -r, 256 = -5*r - 4*a. Let w = -50 - r. Suppose 5*b - 5*n - 4180 = 0, 0 = w*b - 0*n + 4*n - 1642. Is b a composite number?
True
Suppose -3*c + 1251 = 4*q - 12944, 17735 = 5*q - 5*c. Suppose 0 = -3*l + x - 3928 + 14568, l - q = -x. Is l a prime number?
True
Suppose -16*w + 2548056 = -413576. Is w a prime number?
False
Let r(x) = 90173*x - 26722. Is r(7) a prime number?
False
Let r(q) = -3434*q**3 - 5*q**2 - 9*q - 7. Is r(-3) prime?
True
Let j = 216 - 212. Suppose -2*s - 2*h + 5330 = 222, 5*s + j*h - 12775 = 0. Is s a composite number?
True
Suppose -294*t + 84478 = -292*t. Is t composite?
False
Suppose -350 + 370 = 4*r. Suppose 3*s = -r*b + 92158, 0 = 3*b + s - 0*s - 55294. Is b a composite number?
True
Suppose 0 = -5*v - 2*n + 1626, n + 190 = 4*v - 1103. Let c be v*((-66)/21)/((-4)/7). Suppose -2*f + 2*z = -1774, f + f = -2*z + c. Is f composite?
True
Suppose 3*d + 3*d - 239934 = 0. Suppose -5*l - 11384 = -d. Is l a prime number?
False
Let s be (-18)/8*(-3932)/3. Suppose 10*d + s - 8819 = 0. Is d a prime number?
True
Suppose -2*s = 3*r - 2*r - 226, 353 = 3*s + 5*r. Let x = s - 106. Is -159*(x + 85/(-15)) composite?
True
Let a(r) = 1762858*r + 561. Is a(1) composite?
True
Let j = 41 - 35. Suppose j = -5*g + 61. Let i(b) = 2*b**3 - 13*b**2 + 11*b + 3. Is i(g) a composite number?
False
Let h(y) = -57*y**3 + 3*y**2 + 6*y - 12. Let i be h(-3). Let r = -922 + i. Is r composite?
True
Is 7121/(((-203)/42 - -5)*6) a composite number?
False
Let s(k) = 407*k**3 + 3*k**2 + 7*k - 9. Let z be s(3). Let f = z - 7523. Is f prime?
False
Suppose 0 = -23*h + 18*h - 5*w + 395955, 0 = 3*h - 5*w - 237621. Is h a prime number?
False
Let x(m) be the third derivative of 2*m**5/15 + m**4/12 - 3*m**3/2 + 69*m**2. Is x(4) composite?
False
Let s = -12590 - -12580. Let q be 1/(-4) + 22/(-8). Is 5/s*q/((-6)/(-2692)) prime?
True
Suppose -7*v = 2*v - 80244. Let j be v/(-42) - 4/(-14). Let k = j + 803. Is k a composite number?
True
Let v(i) = 956*i**2 - 404*i + 35. Is v(-12) a prime number?
True
Let w = -456 + 4169. Is w prime?
False
Suppose 275153 = 59*o - 424056. Is o a composite number?
True
Suppose -4*s = 4*y - 20, 4*s = -4*y + 2*s + 16. Suppose -y*b = -5*k - 24052, -4*k + 597 = -b + 8626. Is b a prime number?
True
Let p(g) = -2*g**2 + 5*g. Let o be p(2). Suppose -9*n + o + 7 = 0. Suppose 3*y - n = -7, 2*u + 5*y - 274 = 0. Is u composite?
True
Let v = 7491680 - 5221153. Is v a composite number?
True
Let a(g) = 77119*g**2 - 48